, 79
List the prime factors of 8559.
3, 317
What are the prime factors of 117?
3, 13
What are the prime factors of 999?
3, 37
List the prime factors of 1696.
2, 53
What are the prime factors of 7505?
5, 19, 79
List the prime factors of 13532.
2, 17, 199
List the prime factors of 1248.
2, 3, 13
List the prime factors of 23597.
7, 3371
What are the prime factors of 20470?
2, 5, 23, 89
List the prime factors of 19792.
2, 1237
What are the prime factors of 16502?
2, 37, 223
List the prime factors of 58231.
58231
List the prime factors of 10569.
3, 13, 271
What are the prime factors of 60606?
2, 3, 7, 13, 37
List the prime factors of 55507.
47, 1181
List the prime factors of 33921.
3, 3769
List the prime factors of 3047.
11, 277
What are the prime factors of 34241?
97, 353
List the prime factors of 41360.
2, 5, 11, 47
What are the prime factors of 833?
7, 17
What are the prime factors of 13617?
3, 17, 89
What are the prime factors of 13347?
3, 1483
What are the prime factors of 1522?
2, 761
What are the prime factors of 65815?
5, 13163
What are the prime factors of 31161?
3, 13, 17, 47
List the prime factors of 582.
2, 3, 97
List the prime factors of 51814.
2, 7, 3701
What are the prime factors of 47016?
2, 3, 653
What are the prime factors of 16856?
2, 7, 43
List the prime factors of 176.
2, 11
List the prime factors of 2198.
2, 7, 157
What are the prime factors of 5974?
2, 29, 103
What are the prime factors of 1673?
7, 239
List the prime factors of 1416.
2, 3, 59
What are the prime factors of 2406?
2, 3, 401
What are the prime factors of 1043?
7, 149
What are the prime factors of 4157?
4157
What are the prime factors of 1502?
2, 751
List the prime factors of 3450.
2, 3, 5, 23
What are the prime factors of 760?
2, 5, 19
What are the prime factors of 179?
179
List the prime factors of 2502.
2, 3, 139
List the prime factors of 119347.
23, 5189
What are the prime factors of 1097?
1097
List the prime factors of 3895.
5, 19, 41
What are the prime factors of 1174?
2, 587
List the prime factors of 3562.
2, 13, 137
What are the prime factors of 18067?
7, 29, 89
List the prime factors of 35402.
2, 31, 571
List the prime factors of 57524.
2, 73, 197
List the prime factors of 74394.
2, 3, 4133
List the prime factors of 19274.
2, 23, 419
List the prime factors of 28362.
2, 3, 29, 163
List the prime factors of 779.
19, 41
What are the prime factors of 2193?
3, 17, 43
List the prime factors of 19463.
19463
What are the prime factors of 1886?
2, 23, 41
List the prime factors of 28366.
2, 13, 1091
What are the prime factors of 1021?
1021
What are the prime factors of 137671?
31, 4441
List the prime factors of 29635.
5, 5927
List the prime factors of 12713.
12713
What are the prime factors of 38368?
2, 11, 109
What are the prime factors of 695?
5, 139
List the prime factors of 66191.
66191
What are the prime factors of 156?
2, 3, 13
List the prime factors of 55335.
3, 5, 7, 17, 31
What are the prime factors of 1745?
5, 349
List the prime factors of 13827.
3, 11, 419
What are the prime factors of 2218?
2, 1109
What are the prime factors of 16050?
2, 3, 5, 107
What are the prime factors of 4134?
2, 3, 13, 53
List the prime factors of 62263.
19, 29, 113
What are the prime factors of 98971?
19, 5209
List the prime factors of 791.
7, 113
What are the prime factors of 4974?
2, 3, 829
List the prime factors of 17556.
2, 3, 7, 11, 19
List the prime factors of 12798.
2, 3, 79
What are the prime factors of 903?
3, 7, 43
What are the prime factors of 73707?
3, 79, 311
What are the prime factors of 48543?
3, 11, 1471
List the prime factors of 412.
2, 103
List the prime factors of 8064.
2, 3, 7
What are the prime factors of 1321?
1321
What are the prime factors of 2650?
2, 5, 53
List the prime factors of 30316.
2, 11, 13, 53
List the prime factors of 2117.
29, 73
List the prime factors of 747.
3, 83
List the prime factors of 577.
577
List the prime factors of 1212.
2, 3, 101
List the prime factors of 1976.
2, 13, 19
List the prime factors of 2646.
2, 3, 7
List the prime factors of 16417.
16417
List the prime factors of 828.
2, 3, 23
What are the prime factors of 5618?
2, 53
List the prime factors of 1016.
2, 127
What are the prime factors of 1272?
2, 3, 53
What are the prime factors of 6122?
2, 3061
What are the prime factors of 102?
2, 3, 17
List the prime factors of 58976.
2, 19, 97
List the prime factors of 25920.
2, 3, 5
What are the prime factors of 166512?
2, 3, 3469
What are the prime factors of 9193?
29, 317
What are the prime factors of 1035?
3, 5, 23
List the prime factors of 1363.
29, 47
What are the prime factors of 1325?
5, 53
List the prime factors of 28280.
2, 5, 7, 101
List the prime factors of 2687.
2687
What are the prime factors of 122813?
191, 643
List the prime factors of 3947.
3947
What are the prime factors of 1467?
3, 163
What are the prime factors of 13969?
61, 229
What are the prime factors of 754?
2, 13, 29
List the prime factors of 8980.
2, 5, 449
What are the prime factors of 100208?
2, 6263
What are the prime factors of 13989?
3, 4663
What are the prime factors of 12211?
12211
What are the prime factors of 4993?
4993
List the prime factors of 20262.
2, 3, 11, 307
What are the prime factors of 847?
7, 11
What are the prime factors of 21861?
3, 7, 347
What are the prime factors of 1135?
5, 227
List the prime factors of 154.
2, 7, 11
List the prime factors of 1268.
2, 317
What are the prime factors of 7948?
2, 1987
What are the prime factors of 17331?
3, 53, 109
What are the prime factors of 16192?
2, 11, 23
What are the prime factors of 4889?
4889
List the prime factors of 73125.
3, 5, 13
What are the prime factors of 20712?
2, 3, 863
What are the prime factors of 60512?
2, 31, 61
List the prime factors of 26242.
2, 13121
What are the prime factors of 20451?
3, 17, 401
What are the prime factors of 33492?
2, 3, 2791
List the prime factors of 1656.
2, 3, 23
What are the prime factors of 36416?
2, 569
List the prime factors of 194974.
2, 13, 7499
What are the prime factors of 3222?
2, 3, 179
What are the prime factors of 18653?
23, 811
List the prime factors of 31333.
31333
List the prime factors of 17465.
5, 7, 499
What are the prime factors of 6536?
2, 19, 43
List the prime factors of 14165.
5, 2833
What are the prime factors of 496?
2, 31
What are the prime factors of 10842?
2, 3, 13, 139
List the prime factors of 9983.
67, 149
List the prime factors of 41927.
41927
List the prime factors of 3026.
2, 17, 89
What are the prime factors of 2085?
3, 5, 139
List the prime factors of 670.
2, 5, 67
List the prime factors of 12863.
19, 677
List the prime factors of 309.
3, 103
What are the prime factors of 4498?
2, 13, 173
What are the prime factors of 2427?
3, 809
List the prime factors of 13000.
2, 5, 13
What are the prime factors of 5841?
3, 11, 59
What are the prime factors of 1906?
2, 953
What are the prime factors of 113618?
2, 56809
What are the prime factors of 1913?
1913
What are the prime factors of 4108?
2, 13, 79
What are the prime factors of 30884?
2, 7, 1103
What are the prime factors of 106493?
109, 977
What are the prime factors of 2982?
2, 3, 7, 71
What are the prime factors of 752?
2, 47
What are the prime factors of 3660?
2, 3, 5, 61
List the prime factors of 71907.
3, 11, 2179
List the prime factors of 93733.
67, 1399
List the prime factors of 63.
3, 7
List the prime factors of 3035.
5, 607
What are the prime factors of 818?
2, 409
List the prime factors of 30653.
7, 29, 151
List the prime factors of 16.
2
List the prime factors of 64176.
2, 3, 7, 191
What are the prime factors of 91903?
7, 19, 691
List the prime factors of 3956.
2, 23, 43
List the prime factors of 5574.
2, 3, 929
List the prime factors of 6833.
6833
What are the prime factors of 75071?
41, 1831
List the prime factors of 244.
2, 61
What are the prime factors of 83427?
3, 27809
List the prime factors of 156652.
2, 39163
What are the prime factors of 57313?
37, 1549
What are the prime factors of 13486?
2, 11, 613
List the prime factors of 112545.
3, 5, 41, 61
List the prime factors of 1850.
2, 5, 37
What are the prime factors of 8783?
8783
List the prime factors of 1044.
2, 3, 29
List the prime factors of 3060.
2, 3, 5, 17
What are the prime factors of 27841?
11, 253